t are the prime factors of s?
2, 3
Let n = -23101 + 55117. List the prime factors of n.
2, 3, 23, 29
What are the prime factors of (6021/(-18))/((-1)/56*4)?
3, 7, 223
Let q = -673 - -1378. What are the prime factors of q?
3, 5, 47
Suppose 21750 = 5*b + 2*h - 20317, -2*h = 3*b - 25245. List the prime factors of b.
13, 647
Let x(s) = 2194*s**3 + 4*s**2 - 443*s + 874. What are the prime factors of x(2)?
2, 3, 7, 11, 19
Let f = -1106 - -3112. What are the prime factors of f?
2, 17, 59
Let t = 95 + -93. Suppose 5*a - 3*w = 1520, t*w - w - 312 = -a. Suppose -5*q + a = 27. List the prime factors of q.
2, 7
Let r = -1644 - -957. Let k = 1649 + r. What are the prime factors of k?
2, 13, 37
Let w = -4475 - -6400. Suppose -n = 3*l - 138 - 1015, n - w = -5*l. What are the prime factors of l?
2, 193
Let u = 4 - 2. Suppose u*m = 238 + 586. Suppose -3*h - 4*z = -m, -h + z = -5*h + 545. What are the prime factors of h?
2, 17
Let l(t) = 186*t**2 - 18*t - 7. Let r be l(-3). Let j = r + -372. What are the prime factors of j?
19, 71
Let r(x) = x**3 - 26*x**2 + 86*x - 10. Let i be r(22). List the prime factors of 558*((-6)/i*39 + -1).
2, 3, 5, 31
Let r = -16883 + 29871. List the prime factors of r.
2, 17, 191
Let m = -114 - -385. Let h be (-35)/(-11) + (-2)/11. Suppose -h*a = -218 - m. What are the prime factors of a?
163
List the prime factors of ((-23784)/4)/(2/(-3)) + -17 + 24.
2, 4463
Let u be (-7 + (-6)/(-3))*3168/(-45). Suppose 2*o = -v + u, -o - 1444 = -4*v - 0*o. List the prime factors of v.
2, 3, 5
Let s(t) = -6*t - 13. Let x be s(-4). Let p be -2 + (x - 4 - 1). Suppose -p*f = w - 95, -f - 3*f + 5*w = -101. List the prime factors of f.
2, 3
Let m = 33 - 31. Suppose x - 15 = -m*x. Suppose x*c = 25, -v + 213 = v - c. What are the prime factors of v?
109
Let h be 6945*(-8)/(-28) - 6/21. List the prime factors of (h/10)/((-10)/(-25)).
2, 31
Suppose 5035 = 5*p + 4*r, -p - 7*r = -4*r - 996. Suppose n = v - p, -5*n - 6538 = -4*v - 2498. What are the prime factors of v?
5, 7, 29
Suppose -2*f - 7 = 3, -x = -4*f - 24. Suppose -x*i + 3*v - 31905 = 0, 0 = 3*i - 5*v + 975 + 22940. What are the prime factors of (-6)/(-33) + 0 - i/33?
2, 11
Let o be ((-5)/(5/2))/((-4)/(-24)). Let n(c) = -24*c + 74. List the prime factors of n(o).
2, 181
Let g(p) = p**3 + 17*p**2 + 18*p + 37. Let y be g(-16). What are the prime factors of y*1*(2 - (-7 - 38))?
5, 47
Let i(u) = u**3 - 7*u**2 + u - 6. Let x be i(7). Suppose x = -a + 15. List the prime factors of (-438)/(-14) - a/49.
31
Let v = 4585 + 25972. List the prime factors of v.
30557
Suppose 154*a + 479425 + 1236513 = 227*a. What are the prime factors of a?
2, 7, 23, 73
Let o(j) = -3*j - 46. Let i be o(-17). Suppose -4*p + 440 = -2*c - c, 705 = -i*c + p. Let x = 260 + c. What are the prime factors of x?
2, 3, 5
Let w(y) = y**3 - 2*y**2 - 87*y + 68. Let h be w(10). Let m(v) = v**2 - 1. Let d(p) = 11*p**2 + p + 2. Let c(a) = d(a) - 3*m(a). List the prime factors of c(h).
5, 7
Let y be 2*(6 + -2 - 2) - -104. Let t = y + -112. Let x(i) = -3*i**3 + 6*i**2 + 8*i - 5. List the prime factors of x(t).
251
Suppose -9*l - l - 1050 = 0. Let k = 107 + l. Let q(v) = 95*v - 5. What are the prime factors of q(k)?
5, 37
Let u be (-1 + 4 - 0)*-1 - 3. Let h(l) be the third derivative of -11*l**4/8 - 15*l**3/2 - 36*l**2. What are the prime factors of h(u)?
3, 17
Suppose 2*v + 45 = 41. What are the prime factors of (-4 + 1 - v)/((-1)/102)?
2, 3, 17
Suppose 0 = -4*c + 4*m - 2*m + 182, -5*m = -c + 68. Suppose 3*f + 2*h = 3653, 41*f - c*f = 2*h - 2438. What are the prime factors of f?
3, 5
Let a(v) = -5*v**3 - 18*v**2 - 4*v - 18. Let q(z) = z**3 + z - 1. Let h(i) = a(i) + 6*q(i). Let d be h(18). Let j = d - -47. List the prime factors of j.
59
List the prime factors of 6 - (217/3)/((-3)/1440*5).
2, 5, 139
Let x = -33545 - -54220. List the prime factors of x.
5, 827
Let m = 36 - 36. Suppose m = -3*t + 5*z + 44, 3*t + 0*z - 28 = z. Suppose 0 = -4*r + t, -4*g + 2*r + 254 = -r. What are the prime factors of g?
5, 13
Let j = 277 - 265. What are the prime factors of (-2 + (-20)/(-8))/(j/9576)?
3, 7, 19
Suppose -37*m + 927186 = 48*m - 7*m. List the prime factors of m.
11887
Let x(h) = -2326*h - 573. List the prime factors of x(-4).
8731
Suppose -4*z + 0 = t + 2, -2*z - 4*t - 8 = 0. What are the prime factors of (-1 + 0)*z - (-42 + -116)?
2, 79
Let v be (-2)/((-2)/(-2 - -3)). Let q = v - -4. Suppose -3*l - q*p = -76, -2*l + 4*p = 2 - 16. What are the prime factors of l?
17
Suppose 3*f - 4*r + 26 = r, r - 14 = 5*f. List the prime factors of f/(-2) - 3404/(-4).
2, 3, 71
Let k = -63801 + 92004. What are the prime factors of k?
3, 7, 17, 79
Suppose -64 - 137 = 3*c. Let b = c + 69. Suppose -202 = -2*q - 4*f, 121 = -q + 2*q - b*f. What are the prime factors of q?
3, 37
Let r(p) = p**2 + 10*p + 20. Let d be r(-8). Let c be 74 + (0/(-1) - d). Suppose 0 = i + 4*n - 110, 3*n = i - n - c. List the prime factors of i.
2, 3, 5
Suppose 3*p - 5*v = -2*p + 2280, -3*v = -5*p + 2276. Let s be 2 + 2 + (-181)/((52/(-16))/13). Let n = s - p. What are the prime factors of n?
2, 137
Let z(v) = -360*v**3 + 33*v**2 + 207*v - 3. What are the prime factors of z(-4)?
3, 11, 13, 53
Let s(w) = -8640*w - 1 - 3 - 4*w**3 + 17280*w - 8644*w. Let t = -2 + 0. What are the prime factors of s(t)?
2, 3
Let n = -579 - -643. Suppose -n*h = -47222 - 46666. What are the prime factors of h?
3, 163
Let y(m) = 355*m**2 - 34*m + 17. List the prime factors of y(6).
7, 257
Suppose -2*k - 4*x = -25490, 56*x = -2*k + 66*x + 25560. What are the prime factors of k?
5, 2551
Let x = -4489 + 42547. What are the prime factors of x?
2, 3, 6343
Suppose 0 = -3*r + 2*j + 954143, -6*r + j + 1590229 = -r. List the prime factors of (-2)/19 + r/399.
797
Let q be ((-20)/(-25))/(2/(-5)) + -3. Let l(i) = -4*i**3 + 3*i**2 - 6*i - 13. List the prime factors of l(q).
2, 37
Suppose 5*v - 68397 = 4*q, 13*v - 10*v - 5*q - 41046 = 0. What are the prime factors of v?
3, 47, 97
Let c = 119577 + -81903. List the prime factors of c.
2, 3, 7, 13, 23
Suppose 4*i - 69*q = -66*q + 5388, -1366 = -i - 4*q. What are the prime factors of i?
2, 3, 5
Let h be (-7)/((-28)/12) + -8. Let u(c) = -7*c**2 - 3*c + 2. Let g(k) = 15*k**2 + 7*k - 3. Let x(d) = h*u(d) - 2*g(d). List the prime factors of x(-4).
2, 3
Let t(a) = -a**2 + 4*a + 9. Let i be t(5). Let h be -4 + 2 + i - -34. Let p = 52 - h. What are the prime factors of p?
2
What are the prime factors of (-16)/(-44)*(-8)/(32/(-22)) + 8542?
2, 3, 89
Let k = 8049 - 3325. List the prime factors of k.
2, 1181
Let w(z) = -4*z + 39. Let c(u) = -u - 7. Let i(o) = -o**3 + 12*o**2 + 10*o + 32. Let j be i(13). Let p be c(j). What are the prime factors of w(p)?
3, 13
Suppose 19*y - 10 = 14*y. Let v(a) = -3*a**2 + 2*a - 1. Let w be v(y). What are the prime factors of w/63 + (-1514)/(-14)?
2, 3
Let z = 9159 + -2830. What are the prime factors of z?
6329
Suppose -5*y = -5*q + 2 + 403, -3*q + 2*y + 243 = 0. Suppose 25 = -4*u + q. Let b(v) = -v**3 + 15*v**2 - 8*v - 28. List the prime factors of b(u).
2, 7
Let h be 288/(-108)*6/(-8). Suppose -21 = -3*g - 2*z, g + g - 5*z = -5. Suppose 2*a + 672 = 5*t, -h*t - g*a + a + 288 = 0. List the prime factors of t.
2, 17
Let r be ((-2359)/35)/(1/(-5)). Let d = r - 184. What are the prime factors of d?
3, 17
Suppose 4*a - 1108 = -132. Let b = a - 25. What are the prime factors of b?
3, 73
Suppose 94*d - 48195 = 13*d. List the prime factors of d.
5, 7, 17
Let i(f) = -f**3 + 52*f**2 + 2*f - 105. List the prime factors of i(35).
2, 3, 5, 7, 11
Suppose 5*t = -2*n + 28, 5*t - 3*n = 2*n. Suppose -3*f - t*a - 2 = 3, 5*f = -2*a + 15. Suppose 85 + 940 = f*v. List the prime factors of v.
5, 41
Let s(j) = -232*j - 3. Let k = -190 - -188. List the prime factors of s(k).
461
Let x(b) = 107*b + 14. Let d(r) = -53*r - 7. Let n(p) = -5*d(p) - 2*x(p). Let f be n(2). Suppose 72*t = 73*t - f. List the prime factors of t.
109
Suppose 4*m + 107 = -17. Suppose -40 = -11*o + 411. Let d = o + m. What are the prime factors of d?
2, 5
Suppose 354630 = -w + 31*w. What are the prime factors of w?
11821
Suppose -12 = -3*r + 2*a, -4*r - a = -2*r - 8. Suppose -r*w + 5*u + 266 = 0, 2*w - w = 2*u + 65. What are the prime factors of w?
3, 23
Suppose 3*a - 2*h = 2*h + 7, 0 = 4*h - 8. Suppose -a*n + 111 = -2*n.